{"id":49,"date":"2018-12-12T17:24:28","date_gmt":"2018-12-12T16:24:28","guid":{"rendered":"http:\/\/leslocationsdestephanie.fr\/?page_id=49"},"modified":"2023-09-20T16:44:41","modified_gmt":"2023-09-20T14:44:41","slug":"le-verger","status":"publish","type":"page","link":"https:\/\/leslocationsdestephanie.fr\/index.php\/le-verger\/","title":{"rendered":"Le verger 2\/3 pers"},"content":{"rendered":"\n<p>Notre petit g\u00eete de 2 \u00e0 3 personnes<\/p>\n\n\n\n<figure class=\"wp-block-image is-resized\"><img decoding=\"async\" loading=\"lazy\" src=\"http:\/\/leslocationsdestephanie.fr\/wp-content\/uploads\/2018\/12\/DSC_0328-1024x683.jpg\" alt=\"\" class=\"wp-image-97\" style=\"width:703px;height:468px\" width=\"703\" height=\"468\" srcset=\"https:\/\/leslocationsdestephanie.fr\/wp-content\/uploads\/2018\/12\/DSC_0328-1024x683.jpg 1024w, https:\/\/leslocationsdestephanie.fr\/wp-content\/uploads\/2018\/12\/DSC_0328-300x200.jpg 300w, https:\/\/leslocationsdestephanie.fr\/wp-content\/uploads\/2018\/12\/DSC_0328-768x512.jpg 768w\" sizes=\"(max-width: 703px) 100vw, 703px\" \/><\/figure>\n\n\n\n<p>Situ\u00e9 au rez de chauss\u00e9e d&rsquo;une maison individuelle surplombant le village de Sondernach .&nbsp; <br><\/p>\n\n\n\n<figure class=\"wp-block-image is-resized\"><img decoding=\"async\" loading=\"lazy\" src=\"http:\/\/leslocationsdestephanie.fr\/wp-content\/uploads\/2018\/12\/DSC_0066-1024x683.jpg\" alt=\"\" class=\"wp-image-41\" style=\"width:709px;height:472px\" width=\"709\" height=\"472\" srcset=\"https:\/\/leslocationsdestephanie.fr\/wp-content\/uploads\/2018\/12\/DSC_0066-1024x683.jpg 1024w, https:\/\/leslocationsdestephanie.fr\/wp-content\/uploads\/2018\/12\/DSC_0066-300x200.jpg 300w, https:\/\/leslocationsdestephanie.fr\/wp-content\/uploads\/2018\/12\/DSC_0066-768x512.jpg 768w\" sizes=\"(max-width: 709px) 100vw, 709px\" \/><\/figure>\n\n\n\n<p>Sur un beau terrain&nbsp; arbor\u00e9 de 2700m\u00b2<\/p>\n\n\n\n<p>Disponible au Printemps, espace jeux pour les enfants&#8230; Barbecue pour toute la famille&#8230;<br><\/p>\n\n\n\n<figure class=\"wp-block-image is-resized\"><img decoding=\"async\" loading=\"lazy\" src=\"http:\/\/leslocationsdestephanie.fr\/wp-content\/uploads\/2018\/12\/47683422_496946130813085_3231951023245361152_n.jpg\" alt=\"\" class=\"wp-image-104\" style=\"width:709px;height:532px\" width=\"709\" height=\"532\" srcset=\"https:\/\/leslocationsdestephanie.fr\/wp-content\/uploads\/2018\/12\/47683422_496946130813085_3231951023245361152_n.jpg 960w, https:\/\/leslocationsdestephanie.fr\/wp-content\/uploads\/2018\/12\/47683422_496946130813085_3231951023245361152_n-300x225.jpg 300w, https:\/\/leslocationsdestephanie.fr\/wp-content\/uploads\/2018\/12\/47683422_496946130813085_3231951023245361152_n-768x577.jpg 768w\" sizes=\"(max-width: 709px) 100vw, 709px\" \/><\/figure>\n\n\n\n<p><\/p>\n\n\n\n<p>Nous vous proposons, notre g\u00eete d&rsquo;environ 20m\u00b2 avec entr\u00e9e s\u00e9par\u00e9e. <\/p>\n\n\n\n<p>Une cuisine \u00e9quip\u00e9e d&rsquo;un r\u00e9frig\u00e9rateur, mini-four, micro-onde, plaque \u00e9lectrique, cafeti\u00e8re et bouilloire. <br><\/p>\n\n\n\n<p>Une T.V avec lecteur DVD. Une radio FM&nbsp; <\/p>\n\n\n\n<figure class=\"wp-block-image is-resized\"><img decoding=\"async\" loading=\"lazy\" src=\"http:\/\/leslocationsdestephanie.fr\/wp-content\/uploads\/2018\/12\/DSC_0940_resultat-1024x683.jpg\" alt=\"\" class=\"wp-image-105\" style=\"width:710px;height:473px\" width=\"710\" height=\"473\" srcset=\"https:\/\/leslocationsdestephanie.fr\/wp-content\/uploads\/2018\/12\/DSC_0940_resultat-1024x683.jpg 1024w, https:\/\/leslocationsdestephanie.fr\/wp-content\/uploads\/2018\/12\/DSC_0940_resultat-300x200.jpg 300w, https:\/\/leslocationsdestephanie.fr\/wp-content\/uploads\/2018\/12\/DSC_0940_resultat-768x512.jpg 768w\" sizes=\"(max-width: 710px) 100vw, 710px\" \/><\/figure>\n\n\n\n<p>Une salle de bain avec toilette, lavabo et douche.<\/p>\n\n\n\n<figure class=\"wp-block-image is-resized\"><img decoding=\"async\" loading=\"lazy\" src=\"http:\/\/leslocationsdestephanie.fr\/wp-content\/uploads\/2018\/12\/47684204_496946150813083_5653160092434956288_n.jpg\" alt=\"\" class=\"wp-image-103\" style=\"width:713px;height:535px\" width=\"713\" height=\"535\" srcset=\"https:\/\/leslocationsdestephanie.fr\/wp-content\/uploads\/2018\/12\/47684204_496946150813083_5653160092434956288_n.jpg 960w, https:\/\/leslocationsdestephanie.fr\/wp-content\/uploads\/2018\/12\/47684204_496946150813083_5653160092434956288_n-300x225.jpg 300w, https:\/\/leslocationsdestephanie.fr\/wp-content\/uploads\/2018\/12\/47684204_496946150813083_5653160092434956288_n-768x577.jpg 768w\" sizes=\"(max-width: 713px) 100vw, 713px\" \/><\/figure>\n\n\n\n<p>Une chambre pouvant accueillir deux adultes ( lit 140*200 ) et&nbsp; un enfant ( lit 90*200 )<\/p>\n\n\n\n<p>Possibilit\u00e9 de modifier la chambre si deux adultes seulement ou cr\u00e9er un espace lit pour b\u00e9b\u00e9.<\/p>\n\n\n\n<p><strong>Les animaux sont accept\u00e9s sous conditions <\/strong><a href=\"http:\/\/leslocationsdestephanie.fr\/index.php\/contact\/\">( nous contacter )<\/a><br><\/p>\n\n\n\n<div class=\"wp-block-button is-style-outline aligncenter\"><a class=\"wp-block-button__link wp-element-button\" href=\"https:\/\/www.booking.com\/searchresults.fr.html?aid=2369661&amp;label=msn-cmvrz2iIJvoSCIe32hC%2AfA-79989658705793%25253Atikwd-79989834233190%25253Aloc-66%25253Aneo%25253Amte%25253Alp116367%25253Adec%25253Aqsbooking&amp;no_rooms=1&amp;srpvid=f1f8663ca30402db&amp;highlighted_hotels=5558889&amp;redirected=1&amp;city=-1471221&amp;hlrd=no_dates&amp;group_adults=2&amp;source=hotel&amp;group_children=0&amp;expand_sb=1&amp;keep_landing=1&amp;sid=f87e1b775da1abc8726c409955dff0e1#hotelTmpl\" target=\"_blank\" rel=\"noreferrer noopener\">Tarifs et r\u00e9servation<br><\/a><\/div>\n\n\n\n<p><br><\/p>\n\n\n\n<p>Pour toutes informations suppl\u00e9mentaires, merci de nous <a href=\"http:\/\/leslocationsdestephanie.fr\/index.php\/contact\/\">contacter.<\/a><br><\/p>\n\n\n\n<p><br><\/p>\n\n\n\n<p><br><\/p>\n\n\n\n<p><br><\/p>\n\n\n\n<p><br><\/p>\n","protected":false},"excerpt":{"rendered":"<p>Notre petit g\u00eete de 2 \u00e0 3 personnes Situ\u00e9 au rez de chauss\u00e9e d&rsquo;une maison individuelle surplombant le village de Sondernach .&nbsp; Sur un beau terrain&nbsp; arbor\u00e9 de 2700m\u00b2 Disponible au Printemps, espace jeux pour les enfants&#8230; Barbecue pour toute la famille&#8230; Nous vous proposons, notre g\u00eete d&rsquo;environ 20m\u00b2 avec entr\u00e9e s\u00e9par\u00e9e. Une cuisine \u00e9quip\u00e9e &hellip; <\/p>\n<p class=\"link-more\"><a href=\"https:\/\/leslocationsdestephanie.fr\/index.php\/le-verger\/\" class=\"more-link\">Continuer la lecture<span class=\"screen-reader-text\"> de &laquo;&nbsp;Le verger 2\/3 pers&nbsp;&raquo;<\/span><\/a><\/p>\n","protected":false},"author":1,"featured_media":0,"parent":0,"menu_order":0,"comment_status":"closed","ping_status":"closed","template":"","meta":{"ngg_post_thumbnail":0,"footnotes":""},"_links":{"self":[{"href":"https:\/\/leslocationsdestephanie.fr\/index.php\/wp-json\/wp\/v2\/pages\/49"}],"collection":[{"href":"https:\/\/leslocationsdestephanie.fr\/index.php\/wp-json\/wp\/v2\/pages"}],"about":[{"href":"https:\/\/leslocationsdestephanie.fr\/index.php\/wp-json\/wp\/v2\/types\/page"}],"author":[{"embeddable":true,"href":"https:\/\/leslocationsdestephanie.fr\/index.php\/wp-json\/wp\/v2\/users\/1"}],"replies":[{"embeddable":true,"href":"https:\/\/leslocationsdestephanie.fr\/index.php\/wp-json\/wp\/v2\/comments?post=49"}],"version-history":[{"count":34,"href":"https:\/\/leslocationsdestephanie.fr\/index.php\/wp-json\/wp\/v2\/pages\/49\/revisions"}],"predecessor-version":[{"id":409,"href":"https:\/\/leslocationsdestephanie.fr\/index.php\/wp-json\/wp\/v2\/pages\/49\/revisions\/409"}],"wp:attachment":[{"href":"https:\/\/leslocationsdestephanie.fr\/index.php\/wp-json\/wp\/v2\/media?parent=49"}],"curies":[{"name":"wp","href":"https:\/\/api.w.org\/{rel}","templated":true}]}}

<p>Notre petit gîte de 2 à 3 personnes</p>



<figure class="wp-block-image is-resized"><img decoding="async" loading="lazy" src="http://leslocationsdestephanie.fr/wp-content/uploads/2018/12/DSC_0328-1024x683.jpg" alt="" class="wp-image-97" style="width:703px;height:468px" width="703" height="468" srcset="https://leslocationsdestephanie.fr/wp-content/uploads/2018/12/DSC_0328-1024x683.jpg 1024w, https://leslocationsdestephanie.fr/wp-content/uploads/2018/12/DSC_0328-300x200.jpg 300w, https://leslocationsdestephanie.fr/wp-content/uploads/2018/12/DSC_0328-768x512.jpg 768w" sizes="(max-width: 703px) 100vw, 703px" /></figure>



<p>Situé au rez de chaussée d&rsquo;une maison individuelle surplombant le village de Sondernach .&nbsp; <br></p>



<figure class="wp-block-image is-resized"><img decoding="async" loading="lazy" src="http://leslocationsdestephanie.fr/wp-content/uploads/2018/12/DSC_0066-1024x683.jpg" alt="" class="wp-image-41" style="width:709px;height:472px" width="709" height="472" srcset="https://leslocationsdestephanie.fr/wp-content/uploads/2018/12/DSC_0066-1024x683.jpg 1024w, https://leslocationsdestephanie.fr/wp-content/uploads/2018/12/DSC_0066-300x200.jpg 300w, https://leslocationsdestephanie.fr/wp-content/uploads/2018/12/DSC_0066-768x512.jpg 768w" sizes="(max-width: 709px) 100vw, 709px" /></figure>



<p>Sur un beau terrain&nbsp; arboré de 2700m²</p>



<p>Disponible au Printemps, espace jeux pour les enfants&#8230; Barbecue pour toute la famille&#8230;<br></p>



<figure class="wp-block-image is-resized"><img decoding="async" loading="lazy" src="http://leslocationsdestephanie.fr/wp-content/uploads/2018/12/47683422_496946130813085_3231951023245361152_n.jpg" alt="" class="wp-image-104" style="width:709px;height:532px" width="709" height="532" srcset="https://leslocationsdestephanie.fr/wp-content/uploads/2018/12/47683422_496946130813085_3231951023245361152_n.jpg 960w, https://leslocationsdestephanie.fr/wp-content/uploads/2018/12/47683422_496946130813085_3231951023245361152_n-300x225.jpg 300w, https://leslocationsdestephanie.fr/wp-content/uploads/2018/12/47683422_496946130813085_3231951023245361152_n-768x577.jpg 768w" sizes="(max-width: 709px) 100vw, 709px" /></figure>



<p></p>



<p>Nous vous proposons, notre gîte d&rsquo;environ 20m² avec entrée séparée. </p>



<p>Une cuisine équipée d&rsquo;un réfrigérateur, mini-four, micro-onde, plaque électrique, cafetière et bouilloire. <br></p>



<p>Une T.V avec lecteur DVD. Une radio FM&nbsp; </p>



<figure class="wp-block-image is-resized"><img decoding="async" loading="lazy" src="http://leslocationsdestephanie.fr/wp-content/uploads/2018/12/DSC_0940_resultat-1024x683.jpg" alt="" class="wp-image-105" style="width:710px;height:473px" width="710" height="473" srcset="https://leslocationsdestephanie.fr/wp-content/uploads/2018/12/DSC_0940_resultat-1024x683.jpg 1024w, https://leslocationsdestephanie.fr/wp-content/uploads/2018/12/DSC_0940_resultat-300x200.jpg 300w, https://leslocationsdestephanie.fr/wp-content/uploads/2018/12/DSC_0940_resultat-768x512.jpg 768w" sizes="(max-width: 710px) 100vw, 710px" /></figure>



<p>Une salle de bain avec toilette, lavabo et douche.</p>



<figure class="wp-block-image is-resized"><img decoding="async" loading="lazy" src="http://leslocationsdestephanie.fr/wp-content/uploads/2018/12/47684204_496946150813083_5653160092434956288_n.jpg" alt="" class="wp-image-103" style="width:713px;height:535px" width="713" height="535" srcset="https://leslocationsdestephanie.fr/wp-content/uploads/2018/12/47684204_496946150813083_5653160092434956288_n.jpg 960w, https://leslocationsdestephanie.fr/wp-content/uploads/2018/12/47684204_496946150813083_5653160092434956288_n-300x225.jpg 300w, https://leslocationsdestephanie.fr/wp-content/uploads/2018/12/47684204_496946150813083_5653160092434956288_n-768x577.jpg 768w" sizes="(max-width: 713px) 100vw, 713px" /></figure>



<p>Une chambre pouvant accueillir deux adultes ( lit 140*200 ) et&nbsp; un enfant ( lit 90*200 )</p>



<p>Possibilité de modifier la chambre si deux adultes seulement ou créer un espace lit pour bébé.</p>



<p><strong>Les animaux sont acceptés sous conditions </strong><a href="http://leslocationsdestephanie.fr/index.php/contact/">( nous contacter )</a><br></p>



<div class="wp-block-button is-style-outline aligncenter"><a class="wp-block-button__link wp-element-button" href="https://www.booking.com/searchresults.fr.html?aid=2369661&amp;label=msn-cmvrz2iIJvoSCIe32hC%2AfA-79989658705793%25253Atikwd-79989834233190%25253Aloc-66%25253Aneo%25253Amte%25253Alp116367%25253Adec%25253Aqsbooking&amp;no_rooms=1&amp;srpvid=f1f8663ca30402db&amp;highlighted_hotels=5558889&amp;redirected=1&amp;city=-1471221&amp;hlrd=no_dates&amp;group_adults=2&amp;source=hotel&amp;group_children=0&amp;expand_sb=1&amp;keep_landing=1&amp;sid=f87e1b775da1abc8726c409955dff0e1#hotelTmpl" target="_blank" rel="noreferrer noopener">Tarifs et réservation<br></a></div>



<p><br></p>



<p>Pour toutes informations supplémentaires, merci de nous <a href="http://leslocationsdestephanie.fr/index.php/contact/">contacter.</a><br></p>



<p><br></p>



<p><br></p>



<p><br></p>



<p><br></p>

<p>Notre petit gîte de 2 à 3 personnes Situé au rez de chaussée d&rsquo;une maison individuelle surplombant le village de Sondernach .&nbsp; Sur un beau terrain&nbsp; arboré de 2700m² Disponible au Printemps, espace jeux pour les enfants&#8230; Barbecue pour toute la famille&#8230; Nous vous proposons, notre gîte d&rsquo;environ 20m² avec entrée séparée. Une cuisine équipée &hellip; </p>
<p class="link-more"><a href="https://leslocationsdestephanie.fr/index.php/le-verger/" class="more-link">Continuer la lecture<span class="screen-reader-text"> de &laquo;&nbsp;Le verger 2/3 pers&nbsp;&raquo;</span></a></p>
